t w(c) = 11 + 2*c + 4*c - 3*c - 4*c. Let g be w(7). Let b be 6 + -2 - -2 - g. Let h(x) = -4*x**2 + x - 1. Calculate h(b).
-15
Let q(a) = -9*a**3 - 25*a**2 - a + 25. Let b(f) = 8*f**3 + 25*f**2 + f - 26. Let w(v) = -10*b(v) - 9*q(v). Give w(25).
10
Let r(x) = x**3 + 3*x**2 + 3*x. Let c(t) = 2*t + 31. Let h be c(0). Suppose -31 + h = 3*p. Suppose 4*j + p*j + 4*d + 32 = 0, d = -5. Determine r(j).
-9
Let v(f) = -f**3 - 6*f**2 - 8*f + 3. Suppose 5*s - 2*m = 154, -2*s + 30 = -3*m - 25. Suppose -30*n + 38*n + s = 0. What is v(n)?
3
Suppose -21*j = -9*j - 24. Let c(m) = -5*m + 5*m - m**2 - 6*m + 4 + 2*m**j. Determine c(6).
4
Suppose 4*a - 4*y = -4, -2*a + 4*y - 22 + 8 = 0. Let z(j) = -j**2 + 6*j - 1. Give z(a).
4
Suppose -15*a + 16*a + 12 = -5. Let k(w) = -4*w - 63. Give k(a).
5
Suppose b - 10 = 3*r, 4*b + 5*r - 273 = -250. Suppose 18 = 3*c - 0*c. Let u(s) = -9*s + c*s + 4 - 2. Calculate u(b).
-19
Let o(q) = -92*q + 642. Let b be o(7). Let n(g) be the first derivative of -3*g**2 - 4*g + 3. What is n(b)?
8
Let f(y) = 3*y**3 - 23*y**2 - 10*y + 17. Let l be f(8). Let r be (-4 - -4)/8 - l. Let w(s) = 2*s**3 + s**2 - s - 1. Determine w(r).
-1
Suppose -4*d = 2*i - 142, -2*i - 7*d + 5*d = -148. Let l = -74 + i. Let f(w) be the first derivative of 2*w**2 - 3*w + 2. Determine f(l).
9
Let r(w) = -w + 3. Let o = 800 + -786. Calculate r(o).
-11
Let k(j) = j**2 + 7*j + 2. Suppose v = 4*v + 315. Let o = 101 + v. Determine k(o).
-10
Let q(w) = -6*w - 5. Suppose -2*y - 73 = 5*m, -64 = 45*m - 41*m + 3*y. Determine q(m).
73
Let g(m) = -3*m + 11*m + 5 - 13 - 4*m. Determine g(0).
-8
Let n(s) = s**2 + 8*s - 5. Let o = -47 + 46. Let y be (-12)/2 - -4 - o. Let i be -8 - y - 4/(-4). Give n(i).
-17
Let o be ((-4)/14)/((-133)/(-931)). Let v(q) = -10*q**3 - 4*q**2 - 4*q - 4. Calculate v(o).
68
Let p(l) = 11*l**3 + 11*l**2 + 146*l - 13. Let x(a) = 12*a**3 + 12*a**2 + 161*a - 14. Let g(j) = 11*p(j) - 10*x(j). What is g(-1)?
1
Let z(a) = a**2 - 13*a - 12. Suppose -16*k - 331 = -1051. Suppose t + w = 6*t - 71, -3*t + 3*w + k = 0. Give z(t).
2
Let q(k) = k**3 + 7*k**2 + 2*k + 2. Suppose -272*o + 270 = 87*o + 2783. Determine q(o).
-12
Suppose -27*w + 18836 = 18782. Let b(i) = -3*i**3 - 2*i - 1. Let l(o) = -7*o**3 - o**2 - 5*o - 3. Let r(h) = 5*b(h) - 2*l(h). What is r(w)?
1
Let k be (15 - 1819/119) + (-16)/(-7). Let z(i) = 1 - 1 - 6*i. Give z(k).
-12
Suppose 2*l - 4*l = -5*i + 62, -5*i = -4*l - 104. Let h be (-78)/l + 4/14. Let d(z) be the first derivative of -z**3/3 + 2*z**2 - z + 169. Give d(h).
-1
Let q(s) = 98*s + 875. Let h be q(-9). Let t(w) = 10*w + 21. Let l(a) = 7*a + 14. Let r(m) = -7*l(m) + 5*t(m). Give r(h).
0
Let v = -11090 - -11088. Let s(g) = 2*g - 3*g + 2 - g. Determine s(v).
6
Let r(s) = s**3 - 6*s**2 - 7*s + 4. Let f(j) = j**3 + 4*j**2 + 4*j + 2. Let g be f(-2). Suppose -2*y + 22 = 4*m, 0 = m - 2*y - g - 11. What is r(m)?
4
Let p(j) = -j**2 + 11. Let i = 162 + -160. Suppose s - i*b = 6 + 2, -3*s = -4*b - 16. Determine p(s).
11
Suppose -5258*v = -5282*v - 48. Let t(n) = -5*n**3 - 4*n**2 - 2*n + 2. Determine t(v).
30
Let m(n) = 3*n - 25. Suppose -3*j + f + 28 = 0, 53*j - 58*j = 5*f - 80. What is m(j)?
8
Let q = -27472 - -27511. Let f(o) = 3*o**2 - 119*o + 73. Calculate f(q).
-5
Let t(k) = 4*k + 7. Let z(w) = -7*w**2 - 10*w + 22. Let v be z(5). Let g = 198 + v. Give t(g).
-13
Let s(m) = -25*m + 4. Let i be (-1)/((0 - 6/63) + (-115)/(-105)). Calculate s(i).
29
Let v(f) = -37*f - 65. Let u(x) = 14*x + 5. Let s(h) = -4*u(h) - v(h). Determine s(3).
-12
Let l(w) = -39*w - 35050 + 40*w**2 - 35055 + 70181 + w**3. Determine l(-41).
-6
Suppose 3 = -3*f, j - 2*f + 5*f = 519. Let a = -315 + j. Let q(o) = 6*o + a - 3*o - 212 - 2*o. What is q(7)?
2
Let r(i) = -10*i**2 + 2*i + 2. Let u be (-3 - 7 - -10) + (0 - 2). Give r(u).
-42
Let a(z) = -z**2 - 10*z - 4. Let g = 39 - 65. Let f(h) = -4*h - 113. Let d be f(g). Give a(d).
5
Let l(p) = -p + 5. Let u(b) = -5*b - 7. Let x be u(-3). Suppose -4*j = -t - 98, 5*t + 365 = -x*j + 3*j. Let d = t - -74. Calculate l(d).
9
Let l(n) = -3*n + 6. Let r be (3 - -2)/1 - (-20)/(-4). What is l(r)?
6
Let a(x) = -7*x + 8. Let b(j) = 13*j + 21. Let h(t) = -2*a(t) - b(t). Determine h(12).
-25
Let a(z) be the third derivative of z**6/60 - z**5/30 - z**4/8 + 5*z**3/6 - 47*z**2. Calculate a(3).
32
Let j(w) = -31 - 192 - 40*w + 251. Calculate j(1).
-12
Suppose 0 = 5*h - 2*h - 6. Suppose h*l = -0 + 4. Let b(w) = -3*w - w**3 + 3*w**2 + 3860 - 1929 - 1930. Determine b(l).
-1
Let q(n) = n**3 + 5*n**2 - 6*n - 29. Let g be q(-4). Let b(v) = v**3 - 8*v**2 - 35*v + 15. What is b(g)?
-7
Suppose -57*t - 17*t = 296. Let n(m) = -12*m + 9. Give n(t).
57
Let q(j) = 13*j - 2. Let h(a) = 17*a + 11. Let b(n) = -h(n) + q(n). Determine b(-7).
15
Let y(t) = -9*t + 19*t - 2*t - 158 - 2*t. Let g be y(25). Let w(a) = 3*a + 20. Determine w(g).
-4
Let x(n) = n**2 - 4*n - 4. Let r be x(5). Let o(c) = 3*c - 71. Let h(j) = -213. Let a(g) = h(g) - 3*o(g). Calculate a(r).
-9
Let m be (6 - (-72)/(-16))*(-8)/(-3). Suppose -r + 6*r - 20 = -5*t, 0 = -m*t - 5*r + 20. Let p(d) = 2*d - 20 + d**2 - 4*d + 3*d. What is p(t)?
-20
Let t(h) = 35*h**2 + h - 1. Suppose -49*s - 34*s + 70 = -13. Determine t(s).
35
Let s(k) be the first derivative of -k**3/3 - 2*k**2 + 20*k - 3. Let b be s(-6). Let v(y) = -y - 2. What is v(b)?
-10
Let p(d) = -d**3 + 31*d**2 + d - 6. Suppose -3*r = 5*i - 53, -3*i - 35 + 42 = r. Determine p(r).
25
Let y be 0/(2*((-20)/(-8))/(-5)). Suppose 6*w + y = 42. Suppose -10*l = -w*l - 15. Let k(g) = -g**2 + 6*g - 2. What is k(l)?
3
Let h(f) = -3*f**2 - 2*f + 7. Let d = -8659 - -8662. Give h(d).
-26
Let z(f) be the second derivative of 3*f**3/2 + 9*f**2 - 1198*f. Determine z(-5).
-27
Let h(j) = j**3 + 7*j**2 - j. Suppose 52 = -4*k + 4*a + 20, 4*k + 33 = 5*a. Calculate h(k).
7
Let w(f) be the second derivative of -f**4/12 - 2*f**3 - 11*f**2/2 + f. Suppose 34*v + 233 - 70 + 211 = 0. What is w(v)?
0
Let h be 2*-2 + (10 - -1) + -1. Let u be (16 - 20)*h/4. Let b(r) = -r**3 - 7*r**2 - 6*r + 8. Give b(u).
8
Let o(w) be the first derivative of w**3 - 2*w + 122 + 3/2*w**2. What is o(-3)?
16
Let h(d) = -100*d**2 - 102*d**2 - 98*d**2 - 8*d - 17 - 103*d**2 + 402*d**2. Determine h(-4).
-1
Let l(h) = -4*h**2 + 4*h + 11. Let d(u) = u**2 - u + 1. Let i(x) = -3*d(x) - l(x). Suppose -1383*c = -2150*c. Calculate i(c).
-14
Let s(n) = n**3 + 15*n**2 + 46*n + 11. Let w be s(-11). Let f(p) = 4 + 2*p + p + 2. Let y(k) = 8*k + 17. Let q(v) = w*f(v) + 4*y(v). Determine q(-7).
9
Let y(z) = -2*z**3 - z**2. Let x = -17 + 142. Let v = x - 126. What is y(v)?
1
Let j(k) = 330*k**2 - 1000*k**2 - 4 + 334*k**2 + 335*k**2 - 13*k. Determine j(-14).
-18
Let d = -151 + 23. Let z(i) = 5*i**2 - 44*i + 62. Let l be z(10). Let c = l + d. Let x(v) = -v**2 - 3*v + 3. What is x(c)?
-15
Let m(c) = -2*c - 1. Let l(o) be the second derivative of -5*o**3/6 - 14*o**2 + 41*o. Let s(n) = -l(n) + 3*m(n). Calculate s(13).
12
Let n(a) = -4*a**2 - 20*a - 31. Let v(t) = 3*t**2 + 13*t + 21. Let w(h) = 5*n(h) + 7*v(h). What is w(10)?
2
Let u(c) = -4*c**2 - 29*c - 7. Let h(l) = -2*l**2 - 15*l - 4. Let y(s) = -7*h(s) + 4*u(s). Let n = 41213 - 41218. Determine y(n).
5
Suppose 0 = 3*w - 3, -25 = z - 3*z + 3*w. Let p = z - 19. Let y(b) = -3*b - 1. Let n(d) = -4*d - 1. Let a(t) = 5*n(t) - 8*y(t). Give a(p).
-17
Let q(k) = k + 4. Let v(i) = i**3 - 5*i**2 + i - 1. Let m be v(5). Let x be 7/(7/m) + 0. Let l be q(x). Let s(u) = -u**2 + 9*u + 3. Calculate s(l).
11
Let c = 475 + -468. Let t(b) be the first derivative of -b**4/4 + 7*b**3/3 - b**2/2 - 9*b - 77. Calculate t(c).
-16
Let c(g) = g**3 + g**2 - 11. Let d(a) = 12*a + 90. Let f be d(-23). Let b = f - -186. Give c(b).
-11
Let l(u) = -u**2 - 14*u - 31. Suppose 2*i + h = -24, 2*i = 30*h - 28*h - 12. Give l(i).
9
Let k be (11/5)/((-67)/(-335)). Let x(z) be the first derivative of -z - k + 1/2*z**2 + 1/3*z**3. Determine x(-3).
5
Let s(o) = -o**2 - 16*o - 12. Let g(t) = t**2 - 14*t - 63. Let f be g(17). Let a be 176/f - 3/9. Calculate s(a).
3
Let l = 8202 - 8197. Let p(v) = 4*v - 71. Calculate p(l).
-51
Let c(j) be the first derivative of -j**4/4 - 14*j**3/3 + 6*j**2 - 22*j - 705. Calculate c(-15).
23
Let v(q) = -q**2 + 5*q. Let w be v(5). Suppose 0 = -3*z - 0*z + m + 8, 0 = 2*z + 3*m + 2. Let r(f) = 